{"id":1322,"date":"2016-09-17T18:09:13","date_gmt":"2016-09-17T16:09:13","guid":{"rendered":"http:\/\/formations.syndicat-naturopathie.fr\/?page_id=1322"},"modified":"2024-09-06T12:34:53","modified_gmt":"2024-09-06T10:34:53","slug":"catalogue-des-formations","status":"publish","type":"page","link":"https:\/\/formations.syndicat-naturopathie.fr\/?page_id=1322","title":{"rendered":"Catalogue des Formations"},"content":{"rendered":"\n<ul class=\"course-container columns-1\" >\n\n\t\n\t\n<li class=\"loop-item-number-1 post-4521 course type-course status-publish has-post-thumbnail hentry module-10eme-partie-dautres-approches-complementaires module-1ere-partie-la-structure-de-la-peau module-2eme-partie-les-fonctions-de-la-peau module-3eme-partie-les-caracteristiques-de-la-peau module-4eme-partie-la-signification-symbolique-de-la-peau module-5eme-partie-la-peau-et-lavancee-dans-lage module-6eme-partie-les-pathologies-de-la-peau module-7eme-partie-la-prise-en-charge-allopathique-par-les-professionnels-soignants module-8eme-partie-laccompagnement-en-naturopathie module-9eme-partie-les-solutions-en-reflexologie-et-en-energetique-chinoise module-a-lalimentation-et-lhydratation module-a-le-foie module-annexes module-b-lintestin module-b-lhygiene-de-vie-tabac-alcool-pollution module-c-le-soleil module-c-les-reins module-composition-de-la-peau module-d-le-stress module-d-les-poumons module-e-la-peau module-e-le-manque-de-sommeil module-f-lhygiene-locale-de-la-peau module-g-la-sedentarite module-idees-recettes-en-aromatherapie module-jus-belle-peau module-lacne module-leczema module-lepiderme module-lherpes module-lhypoderme module-la-monodiete module-la-naturopathie-anti-age-et-la-peau module-la-peau-et-lavancee-dans-lage module-la-permeabilite-intestinale module-le-derme module-le-microbiote-cutane-ou-flore-cutanee module-le-ph-et-le-film-hydrolipidique-de-la-peau-le-sebum module-le-psoriasis module-le-vieillissement-physiologique-normal module-le-vitiligo module-les-annexes-de-la-peau module-les-cellules-de-la-peau-et-le-renouvellement-cellulaire module-les-differents-types-de-peaux-selon-les-ages module-les-emonctoires module-les-facteurs-externes-du-vieillissement-de-la-peau module-les-fibres-de-la-peau module-les-mycoses module-ma-routine-peau-au-quotidien module-nutrition-et-micronutrition module-sources post\" >\n\n\t\n\t<section class=\"course-content\">\n\n\t\t<section class=\"entry\">\n\n\t\t\t<h3 class=\"course-title\"><a href=\"https:\/\/formations.syndicat-naturopathie.fr\/?course=la-naturopathie-anti-age-et-la-peau\">La naturopathie anti-\u00e2ge et la peau<\/a><\/h3><span class=\"course-author\">par <a href=\"https:\/\/formations.syndicat-naturopathie.fr\/?author=1\" title=\"Equipe Formation\">Equipe Formation<\/a><\/span><div class=\"sensei-course-meta\"><span class=\"course-lesson-count\">47 Le\u00e7ons<\/span><\/div><ul class=\"course-products\"><li class=\"course-product\"><span class=\"course-product-title\">La naturopathie anti-\u00e2ge et la peau - 40 heures<\/span> - <span class=\"course-product-price price\"><span class=\"woocommerce-Price-amount amount\">600,00<span class=\"woocommerce-Price-currencySymbol\">&euro;<\/span><\/span><\/span><\/li><\/ul><a href=\"https:\/\/formations.syndicat-naturopathie.fr\/?course=la-naturopathie-anti-age-et-la-peau\" title=\"La naturopathie anti-\u00e2ge et la peau\"><img loading=\"lazy\" decoding=\"async\" width=\"100\" height=\"100\" src=\"https:\/\/formations.syndicat-naturopathie.fr\/wp-content\/uploads\/2023\/05\/Peau-100x100.png\" class=\"woo-image thumbnail alignleft wp-post-image\" alt=\"\" \/><\/a>\n\t\t\t\n\t\t\t<p class=\"course-excerpt\">\n\n\t\t\t\tCe cours est destin\u00e9 \u00e0 approfondir vos connaissances sur la peau afin de vous aider dans l&rsquo;accompagnement des troubles et de l&rsquo;avanc\u00e9e dans l&rsquo;\u00e2ge qui y sont li\u00e9s.\u00a0 Cette formation a \u00e9t\u00e9 sp\u00e9cialement con\u00e7ue pour les professionnels du bien-\u00eatre d\u00e9sireux d&rsquo;approfondir leurs connaissances et d&rsquo;ajouter une dimension holistique \u00e0 leurs pratiques. Une immersion compl\u00e8te dans [&hellip;]\n\t\t\t<\/p>\n\n\t\t\t\n\t\t\t\n\t\t<\/section> <!-- section .entry -->\n\n\t<\/section> <!-- section .course-content -->\n\n\t\n\n<\/li>\n\n<li class=\"loop-item-number-2 post-4166 course type-course status-publish has-post-thumbnail hentry module-1ere-partie-le-sommeil-introduction module-2eme-partie-les-troubles-du-sommeil module-3eme-partie-les-causes-des-troubles-du-sommeil module-4eme-partie-les-consequences-des-troubles-du-sommeil module-5eme-partie-les-nutriments-du-sommeil module-6eme-partie-les-plantes-du-sommeil module-7eme-partie-lhygiene-de-vie module-8eme-partie-cas-pratiques module-9eme-partie-conclusion-et-sources module-en-aromatherapie module-en-gemmotherapie module-en-hydrolatherapie module-en-phytotherapie module-1-generalites module-limportance-de-lactivite-physique module-limportance-de-la-lumiere module-la-gestion-du-stress-et-des-emotions module-la-tyrosine module-le-magnesium module-le-rituel-du-coucher module-le-sommeil module-le-tryptophane module-les-besoins-en-sommeil-en-fonction-de-lage module-les-cofacteurs module-les-cycles-du-sommeil module-les-dyssomnies module-les-elixirs-de-cristaux module-les-elixirs-floraux module-les-neurotransmetteurs module-les-nutriments-du-sommeil-introduction module-les-omega-3 module-les-parasomnies module-les-troubles-du-sommeil-introduction module-2-pourquoi-dormir-le-sommeil module-quizz-de-fin-de-module post\" >\n\n\t\n\t<section class=\"course-content\">\n\n\t\t<section class=\"entry\">\n\n\t\t\t<h3 class=\"course-title\"><a href=\"https:\/\/formations.syndicat-naturopathie.fr\/?course=le-sommeil\">Le sommeil<\/a><\/h3><span class=\"course-author\">par <a href=\"https:\/\/formations.syndicat-naturopathie.fr\/?author=1\" title=\"Equipe Formation\">Equipe Formation<\/a><\/span><div class=\"sensei-course-meta\"><span class=\"course-lesson-count\">30 Le\u00e7ons<\/span><\/div><ul class=\"course-products\"><li class=\"course-product\"><span class=\"course-product-title\">Le sommeil - 40 heures<\/span> - <span class=\"course-product-price price\"><span class=\"woocommerce-Price-amount amount\">600,00<span class=\"woocommerce-Price-currencySymbol\">&euro;<\/span><\/span><\/span><\/li><\/ul><a href=\"https:\/\/formations.syndicat-naturopathie.fr\/?course=le-sommeil\" title=\"Le sommeil\"><img loading=\"lazy\" decoding=\"async\" width=\"100\" height=\"100\" src=\"https:\/\/formations.syndicat-naturopathie.fr\/wp-content\/uploads\/2023\/05\/Sommeil-100x100.png\" class=\"woo-image thumbnail alignleft wp-post-image\" alt=\"\" \/><\/a>\n\t\t\t\n\t\t\t<p class=\"course-excerpt\">\n\n\t\t\t\tCe cours est destin\u00e9 \u00e0 approfondir vos connaissances sur le sommeil afin de vous aider dans la prise en charge des troubles qui peuvent en \u00eatre issus.\u00a0 Cette formation compl\u00e8te con\u00e7ue sp\u00e9cialement pour les professionnels du bien-\u00eatre va vous permettre de plonger dans le monde du sommeil. D\u00e9couvrez comment il peut \u00eatre la cl\u00e9 d&rsquo;un [&hellip;]\n\t\t\t<\/p>\n\n\t\t\t\n\t\t\t\n\t\t<\/section> <!-- section .entry -->\n\n\t<\/section> <!-- section .course-content -->\n\n\t\n\n<\/li>\n\n<li class=\"loop-item-number-3 post-1448 course type-course status-publish has-post-thumbnail hentry module-1ere-partie-linstallation-professionnelle module-2eme-partie-les-volets-fiscal-social-et-comptable-de-votre-cabinet module-3eme-partie-la-posture-du-praticien module-approche-ikigai-pour-trouver-sa-cible module-au-final-de-la-1ere-partie module-conclusion-de-la-3eme-partie module-conclusion-du-niveau-2 module-conclusion-et-bibliographie-de-la-2eme-partie module-introduction-generale-du-niveau-1 module-imposition module-introduction-generale-niv-1 module-lapproche-synopp-une-methode-pour-booster-votre-entreprise module-la-communication-ecrite module-la-communication-orale module-la-communication-via-internet module-la-comptabilite module-la-gestion module-la-relation-avec-votre-client module-la-responsabilite-civile-professionnelle module-le-business-plan module-le-management module-le-marqueting module-le-questionnaire module-le-secret-professionnel module-les-bons-usages module-les-demarches-administratives-pour-creer-votre-entreprise module-les-differents-statuts-possibles-pour-votre-entreprise module-les-obligations-des-etablissements-recevant-du-public-erp module-les-outils-pour-gerer-mon-entreprise module-regime-social module-taxe-sur-la-valeur-ajoutee-tva module-tenir-sa-comptabilite-premiers-pas post\" >\n\n\t\n\t<section class=\"course-content\">\n\n\t\t<section class=\"entry\">\n\n\t\t\t<h3 class=\"course-title\"><a href=\"https:\/\/formations.syndicat-naturopathie.fr\/?course=accompagnement-au-succes-de-votre-profession-60-heures\">Accompagnement au succ\u00e8s de votre Profession - 60 heures<\/a><\/h3><span class=\"course-author\">par <a href=\"https:\/\/formations.syndicat-naturopathie.fr\/?author=1\" title=\"Equipe Formation\">Equipe Formation<\/a><\/span><div class=\"sensei-course-meta\"><span class=\"course-lesson-count\">131 Le\u00e7ons<\/span><\/div><ul class=\"course-products\"><li class=\"course-product\"><span class=\"course-product-title\">Installation Professionnelle \u2013 60 heures<\/span> - <span class=\"course-product-price price\"><span class=\"woocommerce-Price-amount amount\">720,00<span class=\"woocommerce-Price-currencySymbol\">&euro;<\/span><\/span><\/span><\/li><\/ul><a href=\"https:\/\/formations.syndicat-naturopathie.fr\/?course=accompagnement-au-succes-de-votre-profession-60-heures\" title=\"Accompagnement au succ\u00e8s de votre Profession - 60 heures\"><img loading=\"lazy\" decoding=\"async\" width=\"100\" height=\"100\" src=\"https:\/\/formations.syndicat-naturopathie.fr\/wp-content\/uploads\/2023\/05\/Installation-pro-100x100.png\" class=\"woo-image thumbnail alignleft wp-post-image\" alt=\"\" \/><\/a>\n\t\t\t\n\t\t\t<p class=\"course-excerpt\">\n\n\t\t\t\tCette formation est un cursus vous aidant \u00e0 l&rsquo;installation professionnelle. Vos formatrices : Pour le Niveau 1 : L&rsquo;\u00e9quipe des formateurs vous pr\u00e9sente l&rsquo;installation de votre cabinet, les volets fiscal, social et comptable. Des notions denses et importantes sont rassembl\u00e9es ici pour vous donner un maximum d&rsquo;outils indispensables \u00e0 la cr\u00e9ation de votre exercice professionnel. [&hellip;]\n\t\t\t<\/p>\n\n\t\t\t\n\t\t\t\n\t\t<\/section> <!-- section .entry -->\n\n\t<\/section> <!-- section .course-content -->\n\n\t\n\n<\/li>\n\n\t\n<\/ul>\n\n\n","protected":false},"excerpt":{"rendered":"<p>Cette formation est un cursus vous aidant \u00e0 l&rsquo;installation professionnelle. Pour le Niveau 1 : L&rsquo;\u00e9quipe des formateurs vous pr\u00e9sente l&rsquo;installation de votre cabinet, les volets fiscal, social et comptable. Des notions denses et importantes sont rassembl\u00e9es ici pour vous donner un maximum d&rsquo;outils indispensables \u00e0 la cr\u00e9ation de votre exercice professionnel. Au fil des [&hellip;]<\/p>\n","protected":false},"author":1,"featured_media":0,"parent":0,"menu_order":0,"comment_status":"closed","ping_status":"closed","template":"","meta":{"footnotes":""},"class_list":["post-1322","page","type-page","status-publish","hentry","post"],"aioseo_notices":[],"_links":{"self":[{"href":"https:\/\/formations.syndicat-naturopathie.fr\/index.php?rest_route=\/wp\/v2\/pages\/1322","targetHints":{"allow":["GET"]}}],"collection":[{"href":"https:\/\/formations.syndicat-naturopathie.fr\/index.php?rest_route=\/wp\/v2\/pages"}],"about":[{"href":"https:\/\/formations.syndicat-naturopathie.fr\/index.php?rest_route=\/wp\/v2\/types\/page"}],"author":[{"embeddable":true,"href":"https:\/\/formations.syndicat-naturopathie.fr\/index.php?rest_route=\/wp\/v2\/users\/1"}],"replies":[{"embeddable":true,"href":"https:\/\/formations.syndicat-naturopathie.fr\/index.php?rest_route=%2Fwp%2Fv2%2Fcomments&post=1322"}],"version-history":[{"count":0,"href":"https:\/\/formations.syndicat-naturopathie.fr\/index.php?rest_route=\/wp\/v2\/pages\/1322\/revisions"}],"wp:attachment":[{"href":"https:\/\/formations.syndicat-naturopathie.fr\/index.php?rest_route=%2Fwp%2Fv2%2Fmedia&parent=1322"}],"curies":[{"name":"wp","href":"https:\/\/api.w.org\/{rel}","templated":true}]}}